 + -4270419. Is v a prime number?
False
Let v(j) = 3*j - 9. Let i be v(5). Suppose g + 280 = i*g. Is 16/g + 9213/21 composite?
False
Suppose 0 = 5*a - 4*t - 17 - 8, 3*t = 0. Suppose i = 3*x - 30410, 4*x - 2*i + 10125 = a*x. Is x a prime number?
False
Suppose 341 + 2495 = 4*x. Let y = x - 168. Is y composite?
False
Suppose 7*p + 71392 = 8*p - 9561. Is p composite?
False
Let s = -31661 + 80790. Is s a composite number?
True
Let l(k) be the first derivative of 79*k**3/3 + 7*k**2/2 + 2*k - 20. Let m be l(4). Suppose 757 = a - m. Is a a composite number?
True
Let j = -102 + 98. Is 54/(-36) + (-14018)/j composite?
True
Is (638/385)/(-29) - 40481457/(-35) composite?
False
Suppose -4*r + 104 = -g, 2*r = -5*g + 7*g + 52. Is r/52 - ((-15302)/4 + -1) a prime number?
False
Let a be -348 + 3 + -2 + -4. Let w be (-5 - a/(-15))*-20. Let m = w + -75. Is m prime?
False
Let v be 16/24 - (360651/(-9) + 2). Is v/15 + 1*(-12)/30 composite?
False
Suppose 13*j - 27 = 25. Suppose 0*r = r + 2*c - 3613, 0 = -j*r - c + 14445. Is r composite?
True
Let n = -162 - -143. Let j(k) = -5*k + 51. Is j(n) a prime number?
False
Is (-5 - 3942004/(-33))/((-1)/(-3)) a composite number?
False
Suppose 545*t = 553*t - 368296. Is t a composite number?
True
Is (-3)/((52/(-7748))/(103/3)) a prime number?
False
Let m(r) be the third derivative of -r**4/24 + r**3/6 - 8*r**2. Let w be m(1). Suppose 3*j + 311 - 1100 = w. Is j composite?
False
Let k = -404 - -1678. Let n = k + 1431. Is n composite?
True
Let y(u) be the second derivative of u**4/12 + 7*u**3/6 + u**2 + 5*u. Let f be y(-8). Is (-8)/f - -2549*4/20 a composite number?
False
Let a be 127910/(-35) - 28/(-49). Is (-29)/(a/208768) + (-2)/(-18) prime?
True
Let t(p) = -4*p - 20. Let o be t(-10). Suppose 0 = -3*j - 2*j + o. Suppose 2*n = -c + 1405, 2*c + 4209 = 5*c + j*n. Is c composite?
False
Suppose -8*n + 10*n - 620 = 0. Suppose -5*t + 5069 = 2*m + 164, t = -m + 978. Let j = t - n. Is j composite?
False
Let m = 246214 - -1588291. Is m prime?
False
Let c(k) = 148*k**2 - 4*k - 8. Let b be c(-7). Let m be (-2)/10 + b/(-15). Let h = m + 1528. Is h composite?
True
Let k(p) = 27*p**2 + 6*p - 3. Let w be k(-4). Suppose -8*b = -13*b - w. Let t = b - -139. Is t composite?
True
Is 1689/2*5/((-225)/(-1410)) prime?
False
Suppose 29*r + 2079106 = 7393269. Is r a composite number?
False
Let x be (-1*1 - -10)*13/39. Suppose -2*h + 0*h + 53024 = 3*r, -53034 = -x*r + 3*h. Is r/28 - (-1 - 18/(-14)) a composite number?
False
Suppose -86 - 161 = -h - 4*j, 4*h = -3*j + 962. Let q = h + 54. Is q prime?
True
Let i = -18177 - -79388. Is i composite?
False
Let t = 102825 - -34678. Is t composite?
True
Let p(v) = -11*v**3 + 4*v**2 + 6*v - 5. Let x(f) = -f. Let k be x(-6). Let b be p(k). Let l = -1140 - b. Is l a composite number?
False
Let a(p) = 377*p + 33. Suppose -62 = -38*j + 14. Is a(j) prime?
True
Suppose -22517 + 5709 = 22*v. Let l = 3023 - v. Is l prime?
False
Suppose 3*o + o - 8 = -2*q, -17 = -2*q - o. Let r be -3 - (0 - -1 - q). Suppose r*s + 2977 = 11515. Is s a prime number?
True
Let y(i) = 5 + 5 - 5 + 982*i. Suppose -79*f - 92 = -125*f. Is y(f) composite?
True
Suppose -t + 5*x + 22 = 0, -5*t - 17 = 3*x + 13. Let v be (-7)/1 - t/(-1). Is (-1)/(14886/37290 - (-4)/v) composite?
True
Let a = 28177 - -434578. Is a a composite number?
True
Let d be (32/48)/(1/72 - 0). Suppose 2*a - 948 + 242 = 0. Let u = a + d. Is u a composite number?
False
Let h be (6 - 483/35) + 2/(-10). Is (-3)/2*h*146/12 prime?
False
Let v be 2864*8/2 + (2 - 0). Suppose -3*p + v = -2021. Is p prime?
True
Suppose 6*k = -3 + 15. Suppose -3 = k*j + i + 2, 3*j - 3*i = -21. Is 17988/8 + j + (-3)/2 prime?
True
Is (1110904/12)/((-5)/(495/(-22))) prime?
False
Let b = 168330 - -376141. Is b prime?
True
Let w(n) = -n**3 + 23*n**2 - 39*n - 9. Suppose 3*h = a + 7*h - 8, -4*a + 3*h = -89. Is w(a) a prime number?
False
Suppose -73 = -43*h + 228. Let c(p) = 230*p**2 - 15*p + 32. Is c(h) a composite number?
False
Suppose -30 = -3*m - 24. Let q(d) = -d**3 + 4*d + 1. Let i be q(m). Let w(k) = 771*k**3. Is w(i) composite?
True
Suppose 0 = 5*a, a = 2*p + 5*a - 11066. Let t = 11540 - p. Is t a prime number?
True
Suppose -44 = -3*f - 4*x, 3*x + 78 = 5*f + 5*x. Let z = f + -12. Suppose -k - 2053 = -2*k + z*d, 5*d = k - 2053. Is k a prime number?
True
Suppose 4*t = -23 + 11, 2*i - 90271 = 3*t. Is i a prime number?
True
Let n = 101 + 475. Suppose 0 = -0*r - 2*r, 4*v - 5*r = -n. Let b = v + 515. Is b composite?
True
Let t(g) be the first derivative of -92*g**2 + 11*g + 7. Let y be t(-11). Suppose 6*d - 4871 = y. Is d prime?
True
Let o(s) = 23*s - 96. Let r(u) = -57*u + 240. Let x(v) = 12*o(v) + 5*r(v). Let a be (2 + 208)/14 - 22. Is x(a) a prime number?
False
Let i(f) = -6*f + 61. Let v be i(11). Let c(j) = -4143*j - 136. Is c(v) composite?
True
Suppose 173*h - 732582 = 18096565. Is h a prime number?
False
Let t = 5028823 + -3117226. Is t prime?
False
Let v = -99 + 149. Let k = -106 + v. Let y = k + 81. Is y a composite number?
True
Let s be -8 + (-63564)/(4 - 6). Let a = s + -14927. Is a composite?
True
Suppose 254*p - 255*p = -163041. Is p a composite number?
True
Let y = -76 + 4929. Is y composite?
True
Let n = 165 - 165. Suppose 4557 = 5*i + 4*w, -11*w + 6*w - 10 = n. Is i prime?
False
Suppose -5*c + c + 104 = -2*a, -a + 88 = 3*c. Let h = c + -19. Is (-3195)/(-2) - (36/8)/h prime?
True
Suppose -m + 3*p = -47228, 5*m + 2*p + 7124 = 243179. Is m a prime number?
False
Suppose 0 = k - 4*z - 1225 - 36403, 3*z = 2*k - 75236. Suppose 0 = -346*c + 350*c - k. Is c a composite number?
False
Let j = 116 - 85. Let q(l) = -j*l - 49*l + 18*l - 59 - 53*l. Is q(-6) composite?
False
Suppose -4*s - 65*i + 68*i = 27, -3*s = i + 17. Let m(x) = -206*x - 37. Is m(s) composite?
True
Let g be (-2)/(24/(-20)*5 + 5). Let z(o) = 1 - 4*o - 1 + 5 + 103*o**2. Is z(g) a composite number?
False
Suppose 18*a = -12*a - 270. Let i(c) = -c**3 + 6*c**2 + 4*c + 14. Is i(a) prime?
True
Let i = 218893 + -113594. Is i prime?
False
Let k = 197 + -193. Suppose k*z - 4662 = 246. Is z composite?
True
Suppose -13*p - 47123 - 134266 = 0. Let m = -202 - p. Is m composite?
False
Suppose -82 = -2*r + i, r + 3*r + 3*i = 174. Let t = r - 43. Is (1/(-3))/(t/1137) prime?
True
Suppose 0 = -5*c - 43*c + 96. Suppose 2286 = 4*v + c*t, -4*v + 2289 = -6*t + 7*t. Is v composite?
True
Let m be 2*2/(-4) + -68. Suppose -11*i + 1174 = 74. Let t = m + i. Is t a prime number?
True
Let j(o) = 249*o - 40 - 35 + 98 - 62*o. Is j(9) prime?
False
Let m(t) = -418*t + 5. Let k(y) = 9*y - 42. Let j be k(4). Is m(j) prime?
False
Is ((-10)/(-2) + -2)*94608647/723 composite?
True
Let w(n) = -2529*n + 63. Let c be w(6). Let g = c - -21790. Is g prime?
True
Suppose 54 = 2*w + 2*t, -w = -6*w + 4*t + 126. Suppose 6*s + 8300 = w*s. Is s a prime number?
False
Let w = 105 + -107. Is ((-8499)/6)/(1/w) a composite number?
False
Let u = 146898 - 88025. Is u a prime number?
False
Suppose 4*p = -5*c + 15039, -45*c + 5*p = -44*c - 3031. Is c a prime number?
True
Let a(q) = 895*q + 1. Let c be a(6). Suppose -3*g + 9*u - c = 4*u, 3*g = -3*u - 5403. Is g/(-1) - ((-16)/(-2))/4 a prime number?
False
Let v(n) = -n**3 + 36*n**2 + 11*n + 13. Let r be -9*(5 - (-7 + 10)). Is v(r) prime?
False
Suppose -6*k = k - 175. Let r(q) = k*q**2 + 2*q + q**3 + 8 + 27*q**2 - 40*q**2. Is r(-9) a composite number?
False
Let i = -34 + 37. Suppose -3*x = t - 2683, x - 425 = -i*t + 472. Suppose -6*c = -0*c - x. Is c prime?
True
Let g = -568 + 1272. Suppose y - 1 = -2, -5*y + 1336 = -3*p. Let q = g + p. Is q prime?
True
Let y be (99 + 4/2)*1704. Suppose -6*m - y = -30*m. Is m prime?
False
Suppose 3*k + u = 1166106, k = -5*u + 53862 + 334826. Is k a composite number?
True
Let s(h) = 6*h**2 - 367*h - 33. Is s(64) composite?
True
Let u(y) = -7821*y**2 + 17*y - 29. Let i(f) = 15643*f**2 - 33*f + 60. Let x(c) = -4*i(c) - 9*u(c). Is x(1) a composite number?
False
Let w = 691519 - -87970. Is w a prime number?
True
Let v(u) be the third derivative of 3*u**6/20 - u**5/60 - u**4/2 + 9*u**3/2 + 12*u**2. Is v(4) a composite number?
True
Let l(r) = -31086*r**3 - 6*r**2 - 10*r - 3. Is l(-1) prime?
False
Suppose 141*b + 23485268 = 192*b + 241*b. Is b prime?
True
Let k(u) = -10*u - 59. Let p be k(9). Let n = 294 + p. Is n a prime num